{"id":392,"date":"2020-03-26T15:20:20","date_gmt":"2020-03-26T15:20:20","guid":{"rendered":"https:\/\/www.mhic.cat\/?post_type=collecciomigrant&#038;p=392"},"modified":"2023-10-24T15:42:19","modified_gmt":"2023-10-24T15:42:19","slug":"record-dun-mal-son-joan-brossa","status":"publish","type":"collecciomigrant","link":"https:\/\/www.mhic.cat\/en\/collecciomigrant\/record-dun-mal-son-joan-brossa\/","title":{"rendered":"Record d&#8217;un mal son, Joan Brossa"},"content":{"rendered":"<p>La escultura del poeta i artista Joan Brossa \u00e9s un si mateix un poema t\u00e1ctil (o antipoema) a la perversi\u00f3 institucional sobre la construcci\u00f3n d\u2019habitatges i construcci\u00f3n de barris a la d\u00e9cada dels anys \u201960 del segle XX. Barris immigrants de poblaci\u00f3n migrada que en arribar a la gran ciutat va estar condemnada a seguir migrant.<\/p>\n","protected":false},"featured_media":393,"template":"","acf":[],"_links":{"self":[{"href":"https:\/\/www.mhic.cat\/en\/wp-json\/wp\/v2\/collecciomigrant\/392"}],"collection":[{"href":"https:\/\/www.mhic.cat\/en\/wp-json\/wp\/v2\/collecciomigrant"}],"about":[{"href":"https:\/\/www.mhic.cat\/en\/wp-json\/wp\/v2\/types\/collecciomigrant"}],"wp:featuredmedia":[{"embeddable":true,"href":"https:\/\/www.mhic.cat\/en\/wp-json\/wp\/v2\/media\/393"}],"wp:attachment":[{"href":"https:\/\/www.mhic.cat\/en\/wp-json\/wp\/v2\/media?parent=392"}],"curies":[{"name":"wp","href":"https:\/\/api.w.org\/{rel}","templated":true}]}}

<p>La escultura del poeta i artista Joan Brossa és un si mateix un poema táctil (o antipoema) a la perversió institucional sobre la construcción d’habitatges i construcción de barris a la década dels anys ’60 del segle XX. Barris immigrants de población migrada que en arribar a la gran ciutat va estar condemnada a seguir migrant.</p>
