{"id":21175,"date":"2023-10-10T09:14:25","date_gmt":"2023-10-10T09:14:25","guid":{"rendered":"https:\/\/www.mhic.cat\/visitans\/"},"modified":"2023-11-21T10:32:41","modified_gmt":"2023-11-21T10:32:41","slug":"visitans","status":"publish","type":"page","link":"https:\/\/www.mhic.cat\/en\/visitans\/","title":{"rendered":"Visita&#8217;ns"},"content":{"rendered":"<section class=\"wpb-content-wrapper\"><p>[vc_row row_height_percent=&#8221;0&#8243; override_padding=&#8221;yes&#8221; h_padding=&#8221;2&#8243; top_padding=&#8221;3&#8243; bottom_padding=&#8221;2&#8243; overlay_alpha=&#8221;50&#8243; gutter_size=&#8221;3&#8243; column_width_percent=&#8221;100&#8243; shift_y=&#8221;0&#8243; z_index=&#8221;0&#8243; uncode_shortcode_id=&#8221;330958&#8243;][vc_column width=&#8221;1\/1&#8243;][vc_custom_heading text_color=&#8221;color-jevc&#8221; heading_semantic=&#8221;div&#8221; text_font=&#8221;Roboto-Slab&#8221; text_size=&#8221;h4&#8243; text_weight=&#8221;700&#8243; uncode_shortcode_id=&#8221;383991&#8243; text_color_type=&#8221;uncode-palette&#8221; el_class=&#8221;section-title-pearl&#8221;]TIMETABLE[\/vc_custom_heading][vc_empty_space empty_h=&#8221;1&#8243;][vc_row_inner row_inner_height_percent=&#8221;0&#8243; overlay_alpha=&#8221;50&#8243; gutter_size=&#8221;5&#8243; shift_y=&#8221;0&#8243; z_index=&#8221;0&#8243; uncode_shortcode_id=&#8221;197719&#8243;][vc_column_inner width=&#8221;1\/2&#8243;][vc_custom_heading text_color=&#8221;Finch&#8221; heading_semantic=&#8221;div&#8221; text_font=&#8221;Fira-Sans&#8221; text_size=&#8221;fontsize-186462&#8243; text_weight=&#8221;700&#8243; sub_reduced=&#8221;yes&#8221; uncode_shortcode_id=&#8221;689070&#8243; text_color_type=&#8221;uncode-palette&#8221;]Catalan Immigration History Museum (MhiC)[\/vc_custom_heading][vc_custom_heading text_color=&#8221;color-jevc&#8221; heading_semantic=&#8221;div&#8221; text_font=&#8221;Fira-Sans&#8221; text_size=&#8221;&#8221; text_weight=&#8221;300&#8243; uncode_shortcode_id=&#8221;167425&#8243; text_color_type=&#8221;uncode-palette&#8221;]<strong>In winter &gt; From October 1 to April 30<\/strong><br \/>\nFrom Tuesday to Saturday from 10am to 2pm and Tuesday and Thursday from 4pm to 7pm.<\/p>\n<p>&nbsp;<\/p>\n<p><strong>In summer &gt; From May 1 to September 30<\/strong><br \/>\nFrom Tuesday to Saturday from 10am to 2pm and Tuesday and Thursday from 5pm to 8pm.<\/p>\n<p>&nbsp;<\/p>\n<p>All holidays and local holidays of Sant Adri\u00e0 de Bes\u00f2s the MhiC will remain closed.<\/p>\n<p>&nbsp;<\/p>\n<p>The MhiC is closed on September 11.[\/vc_custom_heading][vc_empty_space empty_h=&#8221;2&#8243;][\/vc_column_inner][vc_column_inner width=&#8221;1\/2&#8243;][vc_custom_heading text_color=&#8221;Finch&#8221; heading_semantic=&#8221;div&#8221; text_font=&#8221;Fira-Sans&#8221; text_size=&#8221;fontsize-186462&#8243; text_weight=&#8221;700&#8243; sub_reduced=&#8221;yes&#8221; uncode_shortcode_id=&#8221;148981&#8243; text_color_type=&#8221;uncode-palette&#8221;]Placeta Maci\u00e0 anti-aircraft shelter[\/vc_custom_heading][vc_custom_heading text_color=&#8221;color-jevc&#8221; heading_semantic=&#8221;div&#8221; text_font=&#8221;Fira-Sans&#8221; text_size=&#8221;&#8221; text_weight=&#8221;300&#8243; uncode_shortcode_id=&#8221;647506&#8243; text_color_type=&#8221;uncode-palette&#8221;]<strong>Guided tours<\/strong>: Tuesday and Thursday from 10am to 2pm. Thursday afternoon from 4pm to 7pm. Includes the film pass \u201cEls nens del Pla de Bes\u00f2s\u201d<\/p>\n<p>&nbsp;<\/p>\n<p><strong>Free visits<\/strong>: The last Saturday of each month, between 11am and 2pm (the Refuge is closed in December and August)<\/p>\n<p>&nbsp;<\/p>\n<p><strong>All visits are by prior reservation and free.<\/strong><\/p>\n<p>&nbsp;<\/p>\n<p>&nbsp;<\/p>\n<p><strong>RefugiArT: Performances on the first Friday of the month.<\/strong>[\/vc_custom_heading][vc_empty_space empty_h=&#8221;2&#8243;][\/vc_column_inner][\/vc_row_inner][vc_empty_space empty_h=&#8221;2&#8243;][vc_custom_heading text_color=&#8221;color-jevc&#8221; heading_semantic=&#8221;div&#8221; text_font=&#8221;Roboto-Slab&#8221; text_size=&#8221;h4&#8243; text_weight=&#8221;700&#8243; uncode_shortcode_id=&#8221;702495&#8243; text_color_type=&#8221;uncode-palette&#8221; el_class=&#8221;section-title-pearl&#8221;]RESERVATIONS[\/vc_custom_heading][vc_empty_space empty_h=&#8221;1&#8243;][vc_custom_heading text_color=&#8221;color-jevc&#8221; heading_semantic=&#8221;div&#8221; text_font=&#8221;Fira-Sans&#8221; text_size=&#8221;&#8221; text_weight=&#8221;700&#8243; sub_reduced=&#8221;yes&#8221; uncode_shortcode_id=&#8221;894396&#8243; text_color_type=&#8221;uncode-palette&#8221;]Fill out the following form to book a group guided tour:[\/vc_custom_heading][vc_custom_heading text_color=&#8221;color-jevc&#8221; heading_semantic=&#8221;div&#8221; text_font=&#8221;Fira-Sans&#8221; text_size=&#8221;&#8221; text_weight=&#8221;300&#8243; uncode_shortcode_id=&#8221;227646&#8243; text_color_type=&#8221;uncode-palette&#8221;]Guided tours are free.<br \/>\nThey require a minimum of 10 people to take place and a maximum of 25. The proposed date and time cannot be guaranteed because they are subject to demand and the museum&#8217;s agenda.<br \/>\nThe reservation is not closed until you have received a confirmation response from the MhiC.[\/vc_custom_heading][\/vc_column][\/vc_row][vc_row][vc_column width=&#8221;1\/1&#8243;][vc_accordion typography=&#8221;advanced&#8221; gutter_simple=&#8221;0&#8243; titles_font=&#8221;Fira-Sans&#8221; titles_weight=&#8221;700&#8243; uncode_shortcode_id=&#8221;852834&#8243;][vc_accordion_tab gutter_size=&#8221;2&#8243; column_padding=&#8221;2&#8243; title=&#8221;Reservations form&#8221; tab_id=&#8221;1698940661-1-66&#8243;][vc_raw_html]JTVCY29udGFjdC1mb3JtLTclMjBpZCUzRCUyMmZmOWRlNjAlMjIlMjB0aXRsZSUzRCUyMkZvcm11bGFyaW8lMjB2aXNpdGElMjBFTiUyMiU1RA==[\/vc_raw_html][\/vc_accordion_tab][\/vc_accordion][\/vc_column][\/vc_row][vc_row][vc_column width=&#8221;1\/1&#8243;][vc_custom_heading text_color=&#8221;color-jevc&#8221; heading_semantic=&#8221;div&#8221; text_font=&#8221;Roboto-Slab&#8221; text_size=&#8221;h4&#8243; text_weight=&#8221;700&#8243; uncode_shortcode_id=&#8221;146180&#8243; text_color_type=&#8221;uncode-palette&#8221; el_class=&#8221;section-title-pearl&#8221;]HOW TO ARRIVE[\/vc_custom_heading][vc_empty_space empty_h=&#8221;1&#8243;][vc_row_inner][vc_column_inner width=&#8221;1\/2&#8243;][vc_custom_heading text_color=&#8221;color-jevc&#8221; heading_semantic=&#8221;div&#8221; text_font=&#8221;Fira-Sans&#8221; text_size=&#8221;fontsize-186462&#8243; text_weight=&#8221;700&#8243; sub_reduced=&#8221;yes&#8221; uncode_shortcode_id=&#8221;110793&#8243; text_color_type=&#8221;uncode-palette&#8221;]Catalan Immigration History Museum (MhiC)[\/vc_custom_heading][vc_raw_html]PGlmcmFtZSBzcmM9Imh0dHBzOi8vd3d3Lmdvb2dsZS5jb20vbWFwcy9lbWJlZD9wYj0hMW0xNCExbTghMW0zITFkMTE5NjYuMDQyMjY1ODQyOTgyITJkMi4yMTIzNTkhM2Q0MS40MjgxNDIhM20yITFpMTAyNCEyaTc2OCE0ZjEzLjEhM20zITFtMiExczB4MTJhNGJjYjE5ZGRkMTVkMyUzQTB4YTNhYzVmNTVlZDUyYWJlZSEyc011c2VvJTIwZGUlMjBIaXN0b3JpYSUyMGRlJTIwbGElMjBJbm1pZ3JhY2klQzMlQjNuJTIwZGUlMjBDYXRhbHUlQzMlQjFhITVlMCEzbTIhMXNlcyEyc3VzITR2MTY5OTM2ODY3MzkxNSE1bTIhMXNlcyEyc3VzIiB3aWR0aD0iMTAwJSIgaGVpZ2h0PSI1MDAiIHN0eWxlPSJib3JkZXI6MDsiIGFsbG93ZnVsbHNjcmVlbj0iIiBsb2FkaW5nPSJsYXp5IiByZWZlcnJlcnBvbGljeT0ibm8tcmVmZXJyZXItd2hlbi1kb3duZ3JhZGUiPjwvaWZyYW1lPg==[\/vc_raw_html][vc_custom_heading text_color=&#8221;color-jevc&#8221; heading_semantic=&#8221;div&#8221; text_font=&#8221;Fira-Sans&#8221; text_size=&#8221;&#8221; text_weight=&#8221;300&#8243; uncode_shortcode_id=&#8221;197791&#8243; text_color_type=&#8221;uncode-palette&#8221;]<strong>Subway<\/strong><br \/>\nL\u00ednia 2 estaci\u00f3, Verneda \/ L\u00ednia 2 i 4, estaci\u00f3 de la Pau<\/p>\n<p>&nbsp;<\/p>\n<p><strong>Bus<\/strong><br \/>\nIf you use the bus service, the stops at which you will have to get off, to access the museum, are the following:<br \/>\nH10: La Verneda \u2013 Pol\u00edgon Montsol\u00eds (2 m\u00edn) del Mhic<br \/>\nB25 :La Verneda \u2013 Pol\u00edgon Montsol\u00eds (2m\u00edn)<br \/>\nV33: La Verneda \u2013 Pol\u00edgon Montsol\u00eds (2 min)<br \/>\n42: Extremadura \u2013 Carretera de Matar\u00f3 (9 m\u00edn)<br \/>\n60: Via Trajana \u2013 Guip\u00fascoa (7 m\u00edn)<br \/>\nB 20: Ricart (7 m\u00edn)<br \/>\nM 30: Sant Adria Centre (8m\u00edn)<br \/>\nB:23 Ricart (7 m\u00edn)<\/p>\n<p>&nbsp;<\/p>\n<p><strong>Parking<\/strong><br \/>\nThe museum has parking[\/vc_custom_heading][\/vc_column_inner][vc_column_inner width=&#8221;1\/2&#8243;][vc_custom_heading text_color=&#8221;color-jevc&#8221; heading_semantic=&#8221;div&#8221; text_font=&#8221;Fira-Sans&#8221; text_size=&#8221;fontsize-186462&#8243; text_weight=&#8221;700&#8243; sub_reduced=&#8221;yes&#8221; uncode_shortcode_id=&#8221;137320&#8243; text_color_type=&#8221;uncode-palette&#8221;]Placeta Maci\u00e0 anti-aircraft shelter[\/vc_custom_heading][vc_raw_html]PGlmcmFtZSBzcmM9Imh0dHBzOi8vd3d3Lmdvb2dsZS5jb20vbWFwcy9lbWJlZD9wYj0hMW0xNCExbTghMW0zITFkMTE5NjYuMDQwMzQ5MDY0MTA3ITJkMi4yMjM0ODA1ITNkNDEuNDI4MTUyNCEzbTIhMWkxMDI0ITJpNzY4ITRmMTMuMSEzbTMhMW0yITFzMHgxMmE0YmNhODI2ODRkMzRiJTNBMHhmOTk3M2Y0YWFiNGFlZDYhMnNSZWZ1Z2klMjBBbnRpYWVyaSUyMGRlJTIwbGElMjBQbGFjZXRhJTIwTWFjaSVDMyVBMCE1ZTAhM20yITFzZXMhMnNlcyE0djE2OTkzNjg3NjYzOTEhNW0yITFzZXMhMnNlcyIgd2lkdGg9IjEwMCUiIGhlaWdodD0iNTAwIiBzdHlsZT0iYm9yZGVyOjA7IiBhbGxvd2Z1bGxzY3JlZW49IiIgbG9hZGluZz0ibGF6eSIgcmVmZXJyZXJwb2xpY3k9Im5vLXJlZmVycmVyLXdoZW4tZG93bmdyYWRlIj48L2lmcmFtZT4=[\/vc_raw_html][vc_custom_heading text_color=&#8221;color-jevc&#8221; heading_semantic=&#8221;div&#8221; text_font=&#8221;Fira-Sans&#8221; text_size=&#8221;&#8221; text_weight=&#8221;300&#8243; uncode_shortcode_id=&#8221;681634&#8243; text_color_type=&#8221;uncode-palette&#8221;]<strong>Subway<\/strong><br \/>\nL\u00ednia 2 (lila) Estaci\u00f3: Artigues \/ Sant Adri\u00e0<\/p>\n<p>&nbsp;<\/p>\n<p><strong>Trambes\u00f2s<\/strong><br \/>\nL\u00ednia T5: Gl\u00f2ries \u2013 GorgParada: Sant Joan Baptista<\/p>\n<p>&nbsp;<\/p>\n<p><strong>Train<\/strong><br \/>\nRENFE \u2013 Rodalies<br \/>\nL\u00ednia C1: Barcelona \u2013 Ma\u00e7anet MassanesEstaci\u00f3: Sant Adri\u00e0 de Bes\u00f2s<\/p>\n<p>&nbsp;<\/p>\n<p><strong>Bus<\/strong><br \/>\nThe buses that pass by or very close to the Refuge are:<br \/>\nTUGSAL: B-14, B-21, B-23, B-26<br \/>\nTMB: 43, 44[\/vc_custom_heading][\/vc_column_inner][\/vc_row_inner][vc_empty_space empty_h=&#8221;2&#8243;][\/vc_column][\/vc_row]<\/p>\n<\/section>","protected":false},"excerpt":{"rendered":"<p>[vc_row row_height_percent=&#8221;0&#8243; override_padding=&#8221;yes&#8221; h_padding=&#8221;2&#8243; top_padding=&#8221;3&#8243; bottom_padding=&#8221;2&#8243; overlay_alpha=&#8221;50&#8243; gutter_size=&#8221;3&#8243; column_width_percent=&#8221;100&#8243; shift_y=&#8221;0&#8243; z_index=&#8221;0&#8243; uncode_shortcode_id=&#8221;330958&#8243;][vc_column width=&#8221;1\/1&#8243;][vc_custom_heading text_color=&#8221;color-jevc&#8221; heading_semantic=&#8221;div&#8221; text_font=&#8221;Roboto-Slab&#8221; text_size=&#8221;h4&#8243; text_weight=&#8221;700&#8243; uncode_shortcode_id=&#8221;383991&#8243; text_color_type=&#8221;uncode-palette&#8221; [&hellip;]<\/p>\n","protected":false},"author":1,"featured_media":0,"parent":0,"menu_order":0,"comment_status":"closed","ping_status":"closed","template":"","meta":{"footnotes":""},"acf":[],"_links":{"self":[{"href":"https:\/\/www.mhic.cat\/en\/wp-json\/wp\/v2\/pages\/21175"}],"collection":[{"href":"https:\/\/www.mhic.cat\/en\/wp-json\/wp\/v2\/pages"}],"about":[{"href":"https:\/\/www.mhic.cat\/en\/wp-json\/wp\/v2\/types\/page"}],"author":[{"embeddable":true,"href":"https:\/\/www.mhic.cat\/en\/wp-json\/wp\/v2\/users\/1"}],"replies":[{"embeddable":true,"href":"https:\/\/www.mhic.cat\/en\/wp-json\/wp\/v2\/comments?post=21175"}],"version-history":[{"count":9,"href":"https:\/\/www.mhic.cat\/en\/wp-json\/wp\/v2\/pages\/21175\/revisions"}],"predecessor-version":[{"id":21258,"href":"https:\/\/www.mhic.cat\/en\/wp-json\/wp\/v2\/pages\/21175\/revisions\/21258"}],"wp:attachment":[{"href":"https:\/\/www.mhic.cat\/en\/wp-json\/wp\/v2\/media?parent=21175"}],"curies":[{"name":"wp","href":"https:\/\/api.w.org\/{rel}","templated":true}]}}

<section class="wpb-content-wrapper"><p>[vc_row row_height_percent=&#8221;0&#8243; override_padding=&#8221;yes&#8221; h_padding=&#8221;2&#8243; top_padding=&#8221;3&#8243; bottom_padding=&#8221;2&#8243; overlay_alpha=&#8221;50&#8243; gutter_size=&#8221;3&#8243; column_width_percent=&#8221;100&#8243; shift_y=&#8221;0&#8243; z_index=&#8221;0&#8243; uncode_shortcode_id=&#8221;330958&#8243;][vc_column width=&#8221;1/1&#8243;][vc_custom_heading text_color=&#8221;color-jevc&#8221; heading_semantic=&#8221;div&#8221; text_font=&#8221;Roboto-Slab&#8221; text_size=&#8221;h4&#8243; text_weight=&#8221;700&#8243; uncode_shortcode_id=&#8221;383991&#8243; text_color_type=&#8221;uncode-palette&#8221; el_class=&#8221;section-title-pearl&#8221;]TIMETABLE[/vc_custom_heading][vc_empty_space empty_h=&#8221;1&#8243;][vc_row_inner row_inner_height_percent=&#8221;0&#8243; overlay_alpha=&#8221;50&#8243; gutter_size=&#8221;5&#8243; shift_y=&#8221;0&#8243; z_index=&#8221;0&#8243; uncode_shortcode_id=&#8221;197719&#8243;][vc_column_inner width=&#8221;1/2&#8243;][vc_custom_heading text_color=&#8221;Finch&#8221; heading_semantic=&#8221;div&#8221; text_font=&#8221;Fira-Sans&#8221; text_size=&#8221;fontsize-186462&#8243; text_weight=&#8221;700&#8243; sub_reduced=&#8221;yes&#8221; uncode_shortcode_id=&#8221;689070&#8243; text_color_type=&#8221;uncode-palette&#8221;]Catalan Immigration History Museum (MhiC)[/vc_custom_heading][vc_custom_heading text_color=&#8221;color-jevc&#8221; heading_semantic=&#8221;div&#8221; text_font=&#8221;Fira-Sans&#8221; text_size=&#8221;&#8221; text_weight=&#8221;300&#8243; uncode_shortcode_id=&#8221;167425&#8243; text_color_type=&#8221;uncode-palette&#8221;]<strong>In winter &gt; From October 1 to April 30</strong><br />
From Tuesday to Saturday from 10am to 2pm and Tuesday and Thursday from 4pm to 7pm.</p>
<p>&nbsp;</p>
<p><strong>In summer &gt; From May 1 to September 30</strong><br />
From Tuesday to Saturday from 10am to 2pm and Tuesday and Thursday from 5pm to 8pm.</p>
<p>&nbsp;</p>
<p>All holidays and local holidays of Sant Adrià de Besòs the MhiC will remain closed.</p>
<p>&nbsp;</p>
<p>The MhiC is closed on September 11.[/vc_custom_heading][vc_empty_space empty_h=&#8221;2&#8243;][/vc_column_inner][vc_column_inner width=&#8221;1/2&#8243;][vc_custom_heading text_color=&#8221;Finch&#8221; heading_semantic=&#8221;div&#8221; text_font=&#8221;Fira-Sans&#8221; text_size=&#8221;fontsize-186462&#8243; text_weight=&#8221;700&#8243; sub_reduced=&#8221;yes&#8221; uncode_shortcode_id=&#8221;148981&#8243; text_color_type=&#8221;uncode-palette&#8221;]Placeta Macià anti-aircraft shelter[/vc_custom_heading][vc_custom_heading text_color=&#8221;color-jevc&#8221; heading_semantic=&#8221;div&#8221; text_font=&#8221;Fira-Sans&#8221; text_size=&#8221;&#8221; text_weight=&#8221;300&#8243; uncode_shortcode_id=&#8221;647506&#8243; text_color_type=&#8221;uncode-palette&#8221;]<strong>Guided tours</strong>: Tuesday and Thursday from 10am to 2pm. Thursday afternoon from 4pm to 7pm. Includes the film pass “Els nens del Pla de Besòs”</p>
<p>&nbsp;</p>
<p><strong>Free visits</strong>: The last Saturday of each month, between 11am and 2pm (the Refuge is closed in December and August)</p>
<p>&nbsp;</p>
<p><strong>All visits are by prior reservation and free.</strong></p>
<p>&nbsp;</p>
<p>&nbsp;</p>
<p><strong>RefugiArT: Performances on the first Friday of the month.</strong>[/vc_custom_heading][vc_empty_space empty_h=&#8221;2&#8243;][/vc_column_inner][/vc_row_inner][vc_empty_space empty_h=&#8221;2&#8243;][vc_custom_heading text_color=&#8221;color-jevc&#8221; heading_semantic=&#8221;div&#8221; text_font=&#8221;Roboto-Slab&#8221; text_size=&#8221;h4&#8243; text_weight=&#8221;700&#8243; uncode_shortcode_id=&#8221;702495&#8243; text_color_type=&#8221;uncode-palette&#8221; el_class=&#8221;section-title-pearl&#8221;]RESERVATIONS[/vc_custom_heading][vc_empty_space empty_h=&#8221;1&#8243;][vc_custom_heading text_color=&#8221;color-jevc&#8221; heading_semantic=&#8221;div&#8221; text_font=&#8221;Fira-Sans&#8221; text_size=&#8221;&#8221; text_weight=&#8221;700&#8243; sub_reduced=&#8221;yes&#8221; uncode_shortcode_id=&#8221;894396&#8243; text_color_type=&#8221;uncode-palette&#8221;]Fill out the following form to book a group guided tour:[/vc_custom_heading][vc_custom_heading text_color=&#8221;color-jevc&#8221; heading_semantic=&#8221;div&#8221; text_font=&#8221;Fira-Sans&#8221; text_size=&#8221;&#8221; text_weight=&#8221;300&#8243; uncode_shortcode_id=&#8221;227646&#8243; text_color_type=&#8221;uncode-palette&#8221;]Guided tours are free.<br />
They require a minimum of 10 people to take place and a maximum of 25. The proposed date and time cannot be guaranteed because they are subject to demand and the museum&#8217;s agenda.<br />
The reservation is not closed until you have received a confirmation response from the MhiC.[/vc_custom_heading][/vc_column][/vc_row][vc_row][vc_column width=&#8221;1/1&#8243;][vc_accordion typography=&#8221;advanced&#8221; gutter_simple=&#8221;0&#8243; titles_font=&#8221;Fira-Sans&#8221; titles_weight=&#8221;700&#8243; uncode_shortcode_id=&#8221;852834&#8243;][vc_accordion_tab gutter_size=&#8221;2&#8243; column_padding=&#8221;2&#8243; title=&#8221;Reservations form&#8221; tab_id=&#8221;1698940661-1-66&#8243;][vc_raw_html]JTVCY29udGFjdC1mb3JtLTclMjBpZCUzRCUyMmZmOWRlNjAlMjIlMjB0aXRsZSUzRCUyMkZvcm11bGFyaW8lMjB2aXNpdGElMjBFTiUyMiU1RA==[/vc_raw_html][/vc_accordion_tab][/vc_accordion][/vc_column][/vc_row][vc_row][vc_column width=&#8221;1/1&#8243;][vc_custom_heading text_color=&#8221;color-jevc&#8221; heading_semantic=&#8221;div&#8221; text_font=&#8221;Roboto-Slab&#8221; text_size=&#8221;h4&#8243; text_weight=&#8221;700&#8243; uncode_shortcode_id=&#8221;146180&#8243; text_color_type=&#8221;uncode-palette&#8221; el_class=&#8221;section-title-pearl&#8221;]HOW TO ARRIVE[/vc_custom_heading][vc_empty_space empty_h=&#8221;1&#8243;][vc_row_inner][vc_column_inner width=&#8221;1/2&#8243;][vc_custom_heading text_color=&#8221;color-jevc&#8221; heading_semantic=&#8221;div&#8221; text_font=&#8221;Fira-Sans&#8221; text_size=&#8221;fontsize-186462&#8243; text_weight=&#8221;700&#8243; sub_reduced=&#8221;yes&#8221; uncode_shortcode_id=&#8221;110793&#8243; text_color_type=&#8221;uncode-palette&#8221;]Catalan Immigration History Museum (MhiC)[/vc_custom_heading][vc_raw_html]PGlmcmFtZSBzcmM9Imh0dHBzOi8vd3d3Lmdvb2dsZS5jb20vbWFwcy9lbWJlZD9wYj0hMW0xNCExbTghMW0zITFkMTE5NjYuMDQyMjY1ODQyOTgyITJkMi4yMTIzNTkhM2Q0MS40MjgxNDIhM20yITFpMTAyNCEyaTc2OCE0ZjEzLjEhM20zITFtMiExczB4MTJhNGJjYjE5ZGRkMTVkMyUzQTB4YTNhYzVmNTVlZDUyYWJlZSEyc011c2VvJTIwZGUlMjBIaXN0b3JpYSUyMGRlJTIwbGElMjBJbm1pZ3JhY2klQzMlQjNuJTIwZGUlMjBDYXRhbHUlQzMlQjFhITVlMCEzbTIhMXNlcyEyc3VzITR2MTY5OTM2ODY3MzkxNSE1bTIhMXNlcyEyc3VzIiB3aWR0aD0iMTAwJSIgaGVpZ2h0PSI1MDAiIHN0eWxlPSJib3JkZXI6MDsiIGFsbG93ZnVsbHNjcmVlbj0iIiBsb2FkaW5nPSJsYXp5IiByZWZlcnJlcnBvbGljeT0ibm8tcmVmZXJyZXItd2hlbi1kb3duZ3JhZGUiPjwvaWZyYW1lPg==[/vc_raw_html][vc_custom_heading text_color=&#8221;color-jevc&#8221; heading_semantic=&#8221;div&#8221; text_font=&#8221;Fira-Sans&#8221; text_size=&#8221;&#8221; text_weight=&#8221;300&#8243; uncode_shortcode_id=&#8221;197791&#8243; text_color_type=&#8221;uncode-palette&#8221;]<strong>Subway</strong><br />
Línia 2 estació, Verneda / Línia 2 i 4, estació de la Pau</p>
<p>&nbsp;</p>
<p><strong>Bus</strong><br />
If you use the bus service, the stops at which you will have to get off, to access the museum, are the following:<br />
H10: La Verneda – Polígon Montsolís (2 mín) del Mhic<br />
B25 :La Verneda – Polígon Montsolís (2mín)<br />
V33: La Verneda – Polígon Montsolís (2 min)<br />
42: Extremadura – Carretera de Mataró (9 mín)<br />
60: Via Trajana – Guipúscoa (7 mín)<br />
B 20: Ricart (7 mín)<br />
M 30: Sant Adria Centre (8mín)<br />
B:23 Ricart (7 mín)</p>
<p>&nbsp;</p>
<p><strong>Parking</strong><br />
The museum has parking[/vc_custom_heading][/vc_column_inner][vc_column_inner width=&#8221;1/2&#8243;][vc_custom_heading text_color=&#8221;color-jevc&#8221; heading_semantic=&#8221;div&#8221; text_font=&#8221;Fira-Sans&#8221; text_size=&#8221;fontsize-186462&#8243; text_weight=&#8221;700&#8243; sub_reduced=&#8221;yes&#8221; uncode_shortcode_id=&#8221;137320&#8243; text_color_type=&#8221;uncode-palette&#8221;]Placeta Macià anti-aircraft shelter[/vc_custom_heading][vc_raw_html]PGlmcmFtZSBzcmM9Imh0dHBzOi8vd3d3Lmdvb2dsZS5jb20vbWFwcy9lbWJlZD9wYj0hMW0xNCExbTghMW0zITFkMTE5NjYuMDQwMzQ5MDY0MTA3ITJkMi4yMjM0ODA1ITNkNDEuNDI4MTUyNCEzbTIhMWkxMDI0ITJpNzY4ITRmMTMuMSEzbTMhMW0yITFzMHgxMmE0YmNhODI2ODRkMzRiJTNBMHhmOTk3M2Y0YWFiNGFlZDYhMnNSZWZ1Z2klMjBBbnRpYWVyaSUyMGRlJTIwbGElMjBQbGFjZXRhJTIwTWFjaSVDMyVBMCE1ZTAhM20yITFzZXMhMnNlcyE0djE2OTkzNjg3NjYzOTEhNW0yITFzZXMhMnNlcyIgd2lkdGg9IjEwMCUiIGhlaWdodD0iNTAwIiBzdHlsZT0iYm9yZGVyOjA7IiBhbGxvd2Z1bGxzY3JlZW49IiIgbG9hZGluZz0ibGF6eSIgcmVmZXJyZXJwb2xpY3k9Im5vLXJlZmVycmVyLXdoZW4tZG93bmdyYWRlIj48L2lmcmFtZT4=[/vc_raw_html][vc_custom_heading text_color=&#8221;color-jevc&#8221; heading_semantic=&#8221;div&#8221; text_font=&#8221;Fira-Sans&#8221; text_size=&#8221;&#8221; text_weight=&#8221;300&#8243; uncode_shortcode_id=&#8221;681634&#8243; text_color_type=&#8221;uncode-palette&#8221;]<strong>Subway</strong><br />
Línia 2 (lila) Estació: Artigues / Sant Adrià</p>
<p>&nbsp;</p>
<p><strong>Trambesòs</strong><br />
Línia T5: Glòries – GorgParada: Sant Joan Baptista</p>
<p>&nbsp;</p>
<p><strong>Train</strong><br />
RENFE – Rodalies<br />
Línia C1: Barcelona – Maçanet MassanesEstació: Sant Adrià de Besòs</p>
<p>&nbsp;</p>
<p><strong>Bus</strong><br />
The buses that pass by or very close to the Refuge are:<br />
TUGSAL: B-14, B-21, B-23, B-26<br />
TMB: 43, 44[/vc_custom_heading][/vc_column_inner][/vc_row_inner][vc_empty_space empty_h=&#8221;2&#8243;][/vc_column][/vc_row]</p>
</section>
